what is 3 - 35341?
-35334
In base 15, what is 2c1a7 - -1?
2c1a8
In base 4, what is 12210 + 2310?
21120
In base 2, what is 100111100 + 1011000?
110010100
In base 7, what is -2442036 - 4?
-2442043
In base 3, what is 11201210220 + 10?
11201211000
In base 2, what is 100011 + -110010101111?
-110010001100
In base 10, what is 423 + -309?
114
In base 15, what is 9b4 - 36?
97d
In base 12, what is 119b5 + 9?
11a02
In base 6, what is -15 + -5502113?
-5502132
In base 5, what is -111220 - -10?
-111210
In base 10, what is -32 + -99437?
-99469
In base 10, what is -408431 + -3?
-408434
In base 6, what is 23 - 215544?
-215521
In base 10, what is 202 - -439?
641
In base 2, what is 10 - 1000101011101?
-1000101011011
In base 16, what is -3 + 7a1ed?
7a1ea
In base 6, what is -12 + -211122?
-211134
In base 10, what is -56113 + 0?
-56113
In base 13, what is 5 - -61543?
61548
In base 16, what is 4c + 257c?
25c8
In base 6, what is 2 + 104050052?
104050054
In base 5, what is 4 - 1044042?
-1044033
In base 8, what is -2022 - -725?
-1075
In base 8, what is 5 - -247176?
247203
In base 5, what is -13300124 + -2?
-13300131
In base 15, what is b432 + -5?
b42c
In base 2, what is 111010010010111 + -101?
111010010010010
In base 6, what is -20 + -4515025?
-4515045
In base 14, what is -6427 + -b?
-6434
In base 16, what is -12f2 + 7a?
-1278
In base 12, what is -2 - 1b10?
-1b12
In base 16, what is -b - -2f454?
2f449
In base 5, what is -10 - -234031000?
234030440
In base 12, what is 799 - -2314?
2ab1
In base 2, what is 10110101 + 100011?
11011000
In base 2, what is -111011011111000 - -110100?
-111011011000100
In base 12, what is 804 + -531?
293
In base 7, what is -201005 - -24?
-200651
In base 12, what is -14a89 + -5?
-14a92
In base 16, what is f - -ca?
d9
In base 6, what is 1243 - 21?
1222
In base 15, what is -731b8 + 1?
-731b7
In base 9, what is -2 + -152531?
-152533
In base 12, what is -1 + -22140?
-22141
In base 7, what is 40051 - -21?
40102
In base 4, what is 202001 + 201?
202202
In base 3, what is -12000002211 + 10?
-12000002201
In base 9, what is 2 - -10372?
10374
In base 14, what is -15d + -301?
-460
In base 4, what is 1031310032 + -20?
1031310012
In base 5, what is 10 + -23223302?
-23223242
In base 10, what is 6517 - -26?
6543
In base 14, what is -5d - -1d40?
1cc1
In base 2, what is -10100101111011 - -10000110?
-10100011110101
In base 8, what is 12 - -313?
325
In base 9, what is -8050 + -1074?
-10134
In base 7, what is -26126 + 453?
-25343
In base 7, what is -10 - -3445?
3435
In base 14, what is 2c2 + -2c7?
-5
In base 5, what is -10 + -1334341?
-1334401
In base 4, what is 222003320 - -1?
222003321
In base 8, what is -615 + 541?
-54
In base 11, what is 5 - 25a3a?
-25a35
In base 9, what is -26153 - 14?
-26167
In base 5, what is 1430 - -3?
1433
In base 9, what is -685 - -223?
-462
In base 14, what is 2 + -b0a71?
-b0a6d
In base 10, what is -36 + -1088?
-1124
In base 16, what is -9c - 2f3?
-38f
In base 2, what is 11 + -110111100000?
-110111011101
In base 2, what is 101 - 10100011011000?
-10100011010011
In base 9, what is 1 - 48104?
-48103
In base 12, what is -6 - -96a43?
96a39
In base 2, what is -100 - 110010001110101?
-110010001111001
In base 9, what is 20277 + 13?
20301
In base 9, what is -25177 + -12?
-25200
In base 3, what is 1001211 - -11?
1001222
In base 4, what is -3 + -3030220320?
-3030220323
In base 3, what is 101 - 121200?
-121022
In base 8, what is 303637 - -20?
303657
In base 4, what is -221 - 22000303?
-22001130
In base 7, what is 213 - 104034?
-103521
In base 16, what is 1 - 2d3f5?
-2d3f4
In base 2, what is -101 + 10011110010100?
10011110001111
In base 14, what is 72a27 - -4?
72a2b
In base 4, what is 232200 - 2002?
230132
In base 12, what is -1 - 25753?
-25754
In base 8, what is 3576657 + -1?
3576656
In base 7, what is -204265 - -3?
-204262
In base 2, what is 1011001110100 - 1101001?
1011000001011
In base 10, what is 4421 - 23?
4398
In base 9, what is 1751204 - 0?
1751204
In base 6, what is 152552504 - -1?
152552505
In base 10, what is 12 - -8101?
8113
In base 3, what is -11010 + 10202?
-101
In base 10, what is -124341 - -2?
-124339
In base 5, what is -4 - -321424?
321420
In base 9, what is 17622 + 34?
17656
In base 16, what is 7fd1 + 8?
7fd9
In base 15, what is -2 + 80?
7d
In base 6, what is 11 - -204543?
204554
In base 15, what is 1038 - -4b?
1084
In base 16, what is d + 67f5?
6802
In base 12, what is 54331 + 5?
54336
In base 7, what is -601050 + 3?
-601044
In base 16, what is c1 + 1d?
de
In base 13, what is -9 + -2370?
-2379
In base 7, what is 4320061 + 2?
4320063
In base 5, what is 111444 + 11?
112010
In base 7, what is -206 + 1206?
1000
In base 14, what is 58cc8 + 3?
58ccb
In base 14, what is -1b2a2 + 3?
-1b29d
In base 14, what is -c1a + -145?
-d61
In base 4, what is 1010102021 + -1?
1010102020
In base 6, what is 25541031 + 5?
25541040
In base 16, what is -273f35 - 0?
-273f35
In base 4, what is 333 + -102111?
-101112
In base 11, what is 66 - 470?
-405
In base 16, what is 340 + -2b?
315
In base 2, what is 11010010 - 1011110011?
-1000100001
In base 3, what is 100122 + 21121020?
21221212
In base 13, what is 511a4a + -3?
511a47
In base 16, what is -5a + e?
-4c
In base 12, what is -297647 + -2?
-297649
In base 8, what is -17 + -57121?
-57140
In base 2, what is 10101110100 + 100011?
10110010111
In base 14, what is -5 - 6037?
-603c
In base 11, what is -180 + -2340?
-2510
In base 12, what is -73b - 50?
-78b
In base 12, what is 40a5 - 1?
40a4
In base 7, what is 254 + -41?
213
In base 11, what is -a798 - 0?
-a798
In base 12, what is -610ab + 8?
-610a3
In base 8, what is 1006 + 75?
1103
In base 14, what is -68 + 65d?
5d5
In base 11, what is 16638 + 1?
16639
In base 15, what is -17c31 - -6?
-17c2a
In base 16, what is -289e3 + a?
-289d9
In base 14, what is -bc27 + -1?
-bc28
In base 10, what is 10 - -15009?
15019
In base 13, what is b7 - -81?
168
In base 10, what is -2902 + 2071?
-831
In base 10, what is 50 - -1132?
1182
In base 3, what is -111002121221 + 10?
-111002121211
In base 11, what is 148a + -9?
1481
In base 15, what is -8 + -3a97?
-3aa0
In base 9, what is 14 + -1273?
-1258
In base 9, what is 1283 - -5183?
6476
In base 14, what is -5 - -22cd?
22c8
In base 2, what is 100101011001101 - -1001?
100101011010110
In base 15, what is 0 - 10b25?
-10b25
In base 7, what is -405346 - -5?
-405341
In base 3, what is -20001110222 - 0?
-20001110222
In base 16, what is 98de + -1?
98dd
In base 10, what is -63445 + -44?
-63489
In base 15, what is -83cd3 - -5?
-83ccd
In base 12, what is 3 + a106?
a109
In base 4, what is -102132 - -203311?
101113
In base 7, what is -22602 - 42?
-22644
In base 13, what is -6c02b + 0?
-6c02b
In base 14, what is -983d6 - 5?
-983db
In base 5, what is 3 + -12220300?
-12220242
In base 10, what is -469 + 121?
-348
In base 14, what is -7 - 49d4?
-49db
In base 9, what is 5 - -3435276?
3435282
In base 3, what is -20210 - -102100202?
102002222
In base 13, what is 302 - -8?
30a
In base 8, what is -1026 + -1327?
-2355
In base 5, what is -3240 - -10202?
1412
In base 12, what is 745a - -2?
7460
In base 6, what is -5513504 - 3?
-5513511
In base 8, what is 5 - 1030310?
-1030303
In base 16, what is -2925 - 4?
-2929
In base 9, what is 10636 + 168?
10815
In base 13, what is -1 - 13287c?
-132880
In base 2, what is 1001 + -10011100010101100?
-10011100010100011
In base 10, what is 1 - -153255?
153256
In base 7, what is -13353151 + -5?
-13353156
In base 8, what is -473440 - 15?
-473455
In base 14, what is bd3 + -1dd?
9d4
In base 6, what is -21 - -2121?
2100
In base 5, what is -110040 + -2?
-110042
In base 2, what is 100100100110000 + 1?
100100100110001
In base 13, what is -9457 + -1?
-9458
In base 4, what is -3 + -1232020?
-1232023
In base 15, what is -7b8 - 12b?
-8e4
In base 14, what is -5 + -1a5c?
-1a63
In base 15, what is 4 - 3ac06?
-3ac02
In base 9, what is 4 - -51041?
51045
In base 3, what is -111221210100 + -10?
-111221210110
In base 9, what is -533338 - -2?
-533336
In base 8, what is -53 - -217?
144
In base 3, what is 1001110002 + 101?
1001110110
In base 13, what is 3327 - 3?
3324
In base 15, what is 2 - 36579?
-36577
In base 9, what is -3 + 36887?
36884
In base 5, what is -3411044 + -110?
-3411204
In base 13, what is 7b1 - a?
7a4
In base 2, what is 11011100011010001